{"id":744,"date":"2021-06-12T11:15:00","date_gmt":"2021-06-12T09:15:00","guid":{"rendered":"http:\/\/silejapon-m-etaitconte.com\/?page_id=744"},"modified":"2022-06-09T00:13:09","modified_gmt":"2022-06-08T22:13:09","slug":"resultats-des-concours","status":"publish","type":"page","link":"https:\/\/silejapon-m-etaitconte.com\/index.php\/resultat-du-concours-de-dessin-manga-2022\/resultats-des-concours\/","title":{"rendered":"R\u00e9sultats des concours 2021"},"content":{"rendered":"\n<p>Pour commencer un grand merci \u00e0 tous les participants, et surtout \u00e0 tous les enfants qui ont fait l&rsquo;effort de partager leur dessin avec nous.  Merci aussi au coll\u00e8ge St Joseph de Prades et \u00e0 Jos\u00e9 Altimiras pour leur participation, \u00e0 la librairie La Libambulle et \u00e0 la m\u00e9diath\u00e8que de Prades pour leur aide et leur soutien dans l&rsquo;organisation de ces concours. <\/p>\n\n\n\n<p>Ce fut tr\u00e8s dur de choisir parmi tous les dessins que nous avons re\u00e7u. Il y avait \u00e9norm\u00e9ment de talent et nous avons \u00e9t\u00e9 surpris par la qualit\u00e9 de nombreux dessins.  <\/p>\n\n\n\n<p>Il a donc fallu faire des choix et s&rsquo;en tenir \u00e0 ce que nous voulions, nous avons donc \u00e9cart\u00e9 pour les prix les dessins qui n&rsquo;avaient pas \u00e9t\u00e9 colori\u00e9s. Il y en avait de tr\u00e8s beaux mais nous demandions de la couleur. D&rsquo;autres qui ont fait de superbes dessins mais qui ont un peu trop copi\u00e9 une image, un dessin ou un fan-art existant d\u00e9j\u00e0 ne pouvaient recevoir de prix eux non plus. Cela n&rsquo;alt\u00e8re en rien la qualit\u00e9 de leurs dessins et nous les encourageons \u00e0 continuer \u00e0 dessiner car il y en avait beaucoup de talentueux mais ce n&rsquo;\u00e9tait pas ce que nous demandions, nous voulions un peu plus de cr\u00e9ation. <\/p>\n\n\n\n<p>Voici la liste des vainqueurs par cat\u00e9gorie. Vous trouverez aussi sur d&rsquo;autres pages du site les meilleurs dessins de ces concours, le r\u00e9sultat du concours logo et les meilleurs logos. De nombreux dessins seront expos\u00e9s dans les prochaines semaines \u00e0 Prades, nous vous tiendrons inform\u00e9s des dates et des lieux.<\/p>\n\n\n\n<p class=\"has-background\" style=\"background-color:#2fe6e6\">Cat\u00e9gorie 7-13 ans <\/p>\n\n\n\n<div class=\"wp-block-image\"><figure class=\"aligncenter size-large is-resized\"><img decoding=\"async\" src=\"https:\/\/silejapon-m-etaitconte.com\/wp-content\/uploads\/2021\/06\/E7-thierry-aira-1-737x1024.jpg\" alt=\"\" class=\"wp-image-790\" width=\"500\" srcset=\"https:\/\/silejapon-m-etaitconte.com\/wp-content\/uploads\/2021\/06\/E7-thierry-aira-1-737x1024.jpg 737w, https:\/\/silejapon-m-etaitconte.com\/wp-content\/uploads\/2021\/06\/E7-thierry-aira-1-216x300.jpg 216w, https:\/\/silejapon-m-etaitconte.com\/wp-content\/uploads\/2021\/06\/E7-thierry-aira-1-768x1068.jpg 768w, https:\/\/silejapon-m-etaitconte.com\/wp-content\/uploads\/2021\/06\/E7-thierry-aira-1-1105x1536.jpg 1105w, https:\/\/silejapon-m-etaitconte.com\/wp-content\/uploads\/2021\/06\/E7-thierry-aira-1.jpg 1199w\" sizes=\"(max-width: 737px) 100vw, 737px\" \/><figcaption> Premier prix : Aina THIERRY (13 ans) -Arietty- <\/figcaption><\/figure><\/div>\n\n\n\n<div class=\"wp-block-image\"><figure class=\"aligncenter size-large is-resized\"><img loading=\"lazy\" decoding=\"async\" src=\"https:\/\/silejapon-m-etaitconte.com\/wp-content\/uploads\/2021\/06\/E11-benoist-valentin-723x1024.jpg\" alt=\"\" class=\"wp-image-725\" width=\"436\" height=\"618\" srcset=\"https:\/\/silejapon-m-etaitconte.com\/wp-content\/uploads\/2021\/06\/E11-benoist-valentin-723x1024.jpg 723w, https:\/\/silejapon-m-etaitconte.com\/wp-content\/uploads\/2021\/06\/E11-benoist-valentin-212x300.jpg 212w, https:\/\/silejapon-m-etaitconte.com\/wp-content\/uploads\/2021\/06\/E11-benoist-valentin-768x1087.jpg 768w, https:\/\/silejapon-m-etaitconte.com\/wp-content\/uploads\/2021\/06\/E11-benoist-valentin-1085x1536.jpg 1085w, https:\/\/silejapon-m-etaitconte.com\/wp-content\/uploads\/2021\/06\/E11-benoist-valentin.jpg 1188w\" sizes=\"auto, (max-width: 436px) 100vw, 436px\" \/><figcaption>Deuxi\u00e8me prix : Valentin BENOIST (11 ans) -One Piece-<\/figcaption><\/figure><\/div>\n\n\n\n<div class=\"wp-block-image\"><figure class=\"aligncenter size-large is-resized\"><img loading=\"lazy\" decoding=\"async\" src=\"https:\/\/silejapon-m-etaitconte.com\/wp-content\/uploads\/2021\/06\/E15-legnani-yanis-729x1024.jpg\" alt=\"\" class=\"wp-image-727\" width=\"429\" height=\"601\" srcset=\"https:\/\/silejapon-m-etaitconte.com\/wp-content\/uploads\/2021\/06\/E15-legnani-yanis-214x300.jpg 214w, https:\/\/silejapon-m-etaitconte.com\/wp-content\/uploads\/2021\/06\/E15-legnani-yanis-768x1078.jpg 768w, https:\/\/silejapon-m-etaitconte.com\/wp-content\/uploads\/2021\/06\/E15-legnani-yanis-1094x1536.jpg 1094w, https:\/\/silejapon-m-etaitconte.com\/wp-content\/uploads\/2021\/06\/E15-legnani-yanis.jpg 1193w\" sizes=\"auto, (max-width: 429px) 100vw, 429px\" \/><figcaption>Deuxi\u00e8me prix : Yanis LEGNANI (9 ans) -Splatoon-<\/figcaption><\/figure><\/div>\n\n\n\n<p class=\"has-background\" style=\"background-color:#2fe6e6\">Cat\u00e9gorie 14 et plus <\/p>\n\n\n\n<div class=\"wp-block-image\"><figure class=\"aligncenter size-large is-resized\"><img loading=\"lazy\" decoding=\"async\" src=\"https:\/\/silejapon-m-etaitconte.com\/wp-content\/uploads\/2021\/06\/A11-desaintrapt-noemie-727x1024.jpg\" alt=\"\" class=\"wp-image-748\" width=\"500\" height=\"792\"\/><figcaption>1er prix  : No\u00e9mie de Saint Rapt (17 ans) -Violet Evergarden-<\/figcaption><\/figure><\/div>\n\n\n\n<div class=\"wp-block-image\"><figure class=\"aligncenter size-large is-resized\"><img loading=\"lazy\" decoding=\"async\" src=\"https:\/\/silejapon-m-etaitconte.com\/wp-content\/uploads\/2021\/06\/A6-biaude-gabriel-727x1024.jpg\" alt=\"\" class=\"wp-image-746\" width=\"504\" height=\"790\"\/><figcaption>1er prix : Gabriel BIAUDE (14 ans) -Fairy Tail-<\/figcaption><\/figure><\/div>\n\n\n\n<div class=\"wp-block-image\"><figure class=\"aligncenter size-large is-resized\"><img loading=\"lazy\" decoding=\"async\" src=\"https:\/\/silejapon-m-etaitconte.com\/wp-content\/uploads\/2021\/06\/A9-herrera-cecile-727x1024.jpg\" alt=\"\" class=\"wp-image-747\" width=\"500\" height=\"809\"\/><figcaption>Prix du jury : C\u00e9cile HERRERA (38 ans) -Mon voisin Totoro-<\/figcaption><\/figure><\/div>\n\n\n\n<p> Le jury \u00e9tait compos\u00e9 de l&rsquo;association Si  le Japon m&rsquo;\u00e9tait cont\u00e9, de la librairie La Libambulle, de la m\u00e9diath\u00e8que  de Prades et de Jos\u00e9 Altimiras (auteur dessinateur BD). <\/p>\n\n\n\n<p>R\u00e9partition des prix <br>200\u20ac offert par la m\u00e9diath\u00e8que de Prades et r\u00e9partis \u00e0 6 dessins en bons d&rsquo;achat \u00e0 la librairie La Libambulle \u00e0 Prades<br>Cat\u00e9gorie 7-13 ans :<br>Grand Prix  50\u20ac <br>2\u00e8mes prix (2 dessins) 20\u20ac <br>Cat\u00e9gorie 14 ans et plus<br>1ers prix (2 dessins) 40\u20ac  <br>Prix du jury  30\u20ac <\/p>\n\n\n\n<p>La remise des prix se fera \u00e0 la m\u00e9diath\u00e8que de Prades le samedi 19 juin 2021 \u00e0 10h30.<\/p>\n\n\n\n<p class=\"has-background\" style=\"background-color:#c8c808\"><a href=\"https:\/\/silejapon-m-etaitconte.com\/index.php\/resultats-des-concours\/les-meilleurs-dessins-du-concours-manga-fan-art\/\">Les meilleurs dessins du concours de manga fan art<\/a><\/p>\n\n\n\n<p class=\"has-light-gray-background-color has-background\"><a href=\"https:\/\/silejapon-m-etaitconte.com\/index.php\/resultats-des-concours\/logos\/\">Logos<\/a><\/p>\n","protected":false},"excerpt":{"rendered":"<p>Pour commencer un grand merci \u00e0 tous les participants, et surtout \u00e0 tous les enfants qui ont fait l&rsquo;effort de partager leur dessin avec nous. Merci aussi au coll\u00e8ge St Joseph de Prades et \u00e0 Jos\u00e9 Altimiras pour leur participation, \u00e0 la librairie La Libambulle et \u00e0 la m\u00e9diath\u00e8que de Prades pour leur aide et leur soutien dans l&rsquo;organisation de ces concours. Ce fut tr\u00e8s dur de choisir parmi tous les dessins que nous avons re\u00e7u. Il y avait \u00e9norm\u00e9ment de talent et nous avons \u00e9t\u00e9 surpris par la qualit\u00e9 de nombreux dessins. Il a donc fallu faire des choix<\/p>\n","protected":false},"author":1,"featured_media":0,"parent":1043,"menu_order":0,"comment_status":"closed","ping_status":"closed","template":"","meta":{"footnotes":""},"class_list":["post-744","page","type-page","status-publish","hentry","comments-off"],"yoast_head":"<!-- This site is optimized with the Yoast SEO plugin v21.0 - https:\/\/yoast.com\/wordpress\/plugins\/seo\/ -->\n<title>R\u00e9sultats des concours 2021 - Si le Japon m&#039;\u00e9tait cont\u00e9<\/title>\n<meta name=\"robots\" content=\"index, follow, max-snippet:-1, max-image-preview:large, max-video-preview:-1\" \/>\n<link rel=\"canonical\" href=\"https:\/\/silejapon-m-etaitconte.com\/index.php\/resultat-du-concours-de-dessin-manga-2022\/resultats-des-concours\/\" \/>\n<meta property=\"og:locale\" content=\"fr_FR\" \/>\n<meta property=\"og:type\" content=\"article\" \/>\n<meta property=\"og:title\" content=\"R\u00e9sultats des concours 2021 - Si le Japon m&#039;\u00e9tait cont\u00e9\" \/>\n<meta property=\"og:description\" content=\"Pour commencer un grand merci \u00e0 tous les participants, et surtout \u00e0 tous les enfants qui ont fait l&rsquo;effort de partager leur dessin avec nous. Merci aussi au coll\u00e8ge St Joseph de Prades et \u00e0 Jos\u00e9 Altimiras pour leur participation, \u00e0 la librairie La Libambulle et \u00e0 la m\u00e9diath\u00e8que de Prades pour leur aide et leur soutien dans l&rsquo;organisation de ces concours. Ce fut tr\u00e8s dur de choisir parmi tous les dessins que nous avons re\u00e7u. Il y avait \u00e9norm\u00e9ment de talent et nous avons \u00e9t\u00e9 surpris par la qualit\u00e9 de nombreux dessins. Il a donc fallu faire des choix\" \/>\n<meta property=\"og:url\" content=\"https:\/\/silejapon-m-etaitconte.com\/index.php\/resultat-du-concours-de-dessin-manga-2022\/resultats-des-concours\/\" \/>\n<meta property=\"og:site_name\" content=\"Si le Japon m&#039;\u00e9tait cont\u00e9\" \/>\n<meta property=\"article:publisher\" content=\"https:\/\/www.facebook.com\/people\/Si-le-Japon-mtait-cont\/100081623407869\/\" \/>\n<meta property=\"article:modified_time\" content=\"2022-06-08T22:13:09+00:00\" \/>\n<meta property=\"og:image\" content=\"http:\/\/silejapon-m-etaitconte.com\/wp-content\/uploads\/2021\/06\/E7-thierry-aira-1-737x1024.jpg\" \/>\n<meta name=\"twitter:card\" content=\"summary_large_image\" \/>\n<meta name=\"twitter:label1\" content=\"Dur\u00e9e de lecture estim\u00e9e\" \/>\n\t<meta name=\"twitter:data1\" content=\"2 minutes\" \/>\n<script type=\"application\/ld+json\" class=\"yoast-schema-graph\">{\"@context\":\"https:\/\/schema.org\",\"@graph\":[{\"@type\":\"WebPage\",\"@id\":\"https:\/\/silejapon-m-etaitconte.com\/index.php\/resultat-du-concours-de-dessin-manga-2022\/resultats-des-concours\/\",\"url\":\"https:\/\/silejapon-m-etaitconte.com\/index.php\/resultat-du-concours-de-dessin-manga-2022\/resultats-des-concours\/\",\"name\":\"R\u00e9sultats des concours 2021 - Si le Japon m&#039;\u00e9tait cont\u00e9\",\"isPartOf\":{\"@id\":\"https:\/\/silejapon-m-etaitconte.com\/#website\"},\"datePublished\":\"2021-06-12T09:15:00+00:00\",\"dateModified\":\"2022-06-08T22:13:09+00:00\",\"breadcrumb\":{\"@id\":\"https:\/\/silejapon-m-etaitconte.com\/index.php\/resultat-du-concours-de-dessin-manga-2022\/resultats-des-concours\/#breadcrumb\"},\"inLanguage\":\"fr-FR\",\"potentialAction\":[{\"@type\":\"ReadAction\",\"target\":[\"https:\/\/silejapon-m-etaitconte.com\/index.php\/resultat-du-concours-de-dessin-manga-2022\/resultats-des-concours\/\"]}]},{\"@type\":\"BreadcrumbList\",\"@id\":\"https:\/\/silejapon-m-etaitconte.com\/index.php\/resultat-du-concours-de-dessin-manga-2022\/resultats-des-concours\/#breadcrumb\",\"itemListElement\":[{\"@type\":\"ListItem\",\"position\":1,\"name\":\"Accueil\",\"item\":\"https:\/\/silejapon-m-etaitconte.com\/\"},{\"@type\":\"ListItem\",\"position\":2,\"name\":\"R\u00e9sultat du concours de dessin manga 2022\",\"item\":\"https:\/\/silejapon-m-etaitconte.com\/index.php\/resultat-du-concours-de-dessin-manga-2022\/\"},{\"@type\":\"ListItem\",\"position\":3,\"name\":\"R\u00e9sultats des concours 2021\"}]},{\"@type\":\"WebSite\",\"@id\":\"https:\/\/silejapon-m-etaitconte.com\/#website\",\"url\":\"https:\/\/silejapon-m-etaitconte.com\/\",\"name\":\"Si le Japon m'\u00e9tait cont\u00e9\",\"description\":\"Une passerelle entre la France et le Japon\",\"publisher\":{\"@id\":\"https:\/\/silejapon-m-etaitconte.com\/#organization\"},\"potentialAction\":[{\"@type\":\"SearchAction\",\"target\":{\"@type\":\"EntryPoint\",\"urlTemplate\":\"https:\/\/silejapon-m-etaitconte.com\/?s={search_term_string}\"},\"query-input\":\"required name=search_term_string\"}],\"inLanguage\":\"fr-FR\"},{\"@type\":\"Organization\",\"@id\":\"https:\/\/silejapon-m-etaitconte.com\/#organization\",\"name\":\"Si le Japon m'\u00e9tait cont\u00e9\",\"url\":\"https:\/\/silejapon-m-etaitconte.com\/\",\"logo\":{\"@type\":\"ImageObject\",\"inLanguage\":\"fr-FR\",\"@id\":\"https:\/\/silejapon-m-etaitconte.com\/#\/schema\/logo\/image\/\",\"url\":\"https:\/\/silejapon-m-etaitconte.com\/wp-content\/uploads\/2022\/02\/logo_long.jpg\",\"contentUrl\":\"https:\/\/silejapon-m-etaitconte.com\/wp-content\/uploads\/2022\/02\/logo_long.jpg\",\"width\":2444,\"height\":390,\"caption\":\"Si le Japon m'\u00e9tait cont\u00e9\"},\"image\":{\"@id\":\"https:\/\/silejapon-m-etaitconte.com\/#\/schema\/logo\/image\/\"},\"sameAs\":[\"https:\/\/www.facebook.com\/people\/Si-le-Japon-mtait-cont\/100081623407869\/\"]}]}<\/script>\n<!-- \/ Yoast SEO plugin. -->","yoast_head_json":{"title":"R\u00e9sultats des concours 2021 - Si le Japon m&#039;\u00e9tait cont\u00e9","robots":{"index":"index","follow":"follow","max-snippet":"max-snippet:-1","max-image-preview":"max-image-preview:large","max-video-preview":"max-video-preview:-1"},"canonical":"https:\/\/silejapon-m-etaitconte.com\/index.php\/resultat-du-concours-de-dessin-manga-2022\/resultats-des-concours\/","og_locale":"fr_FR","og_type":"article","og_title":"R\u00e9sultats des concours 2021 - Si le Japon m&#039;\u00e9tait cont\u00e9","og_description":"Pour commencer un grand merci \u00e0 tous les participants, et surtout \u00e0 tous les enfants qui ont fait l&rsquo;effort de partager leur dessin avec nous. Merci aussi au coll\u00e8ge St Joseph de Prades et \u00e0 Jos\u00e9 Altimiras pour leur participation, \u00e0 la librairie La Libambulle et \u00e0 la m\u00e9diath\u00e8que de Prades pour leur aide et leur soutien dans l&rsquo;organisation de ces concours. Ce fut tr\u00e8s dur de choisir parmi tous les dessins que nous avons re\u00e7u. Il y avait \u00e9norm\u00e9ment de talent et nous avons \u00e9t\u00e9 surpris par la qualit\u00e9 de nombreux dessins. Il a donc fallu faire des choix","og_url":"https:\/\/silejapon-m-etaitconte.com\/index.php\/resultat-du-concours-de-dessin-manga-2022\/resultats-des-concours\/","og_site_name":"Si le Japon m&#039;\u00e9tait cont\u00e9","article_publisher":"https:\/\/www.facebook.com\/people\/Si-le-Japon-mtait-cont\/100081623407869\/","article_modified_time":"2022-06-08T22:13:09+00:00","og_image":[{"url":"http:\/\/silejapon-m-etaitconte.com\/wp-content\/uploads\/2021\/06\/E7-thierry-aira-1-737x1024.jpg"}],"twitter_card":"summary_large_image","twitter_misc":{"Dur\u00e9e de lecture estim\u00e9e":"2 minutes"},"schema":{"@context":"https:\/\/schema.org","@graph":[{"@type":"WebPage","@id":"https:\/\/silejapon-m-etaitconte.com\/index.php\/resultat-du-concours-de-dessin-manga-2022\/resultats-des-concours\/","url":"https:\/\/silejapon-m-etaitconte.com\/index.php\/resultat-du-concours-de-dessin-manga-2022\/resultats-des-concours\/","name":"R\u00e9sultats des concours 2021 - Si le Japon m&#039;\u00e9tait cont\u00e9","isPartOf":{"@id":"https:\/\/silejapon-m-etaitconte.com\/#website"},"datePublished":"2021-06-12T09:15:00+00:00","dateModified":"2022-06-08T22:13:09+00:00","breadcrumb":{"@id":"https:\/\/silejapon-m-etaitconte.com\/index.php\/resultat-du-concours-de-dessin-manga-2022\/resultats-des-concours\/#breadcrumb"},"inLanguage":"fr-FR","potentialAction":[{"@type":"ReadAction","target":["https:\/\/silejapon-m-etaitconte.com\/index.php\/resultat-du-concours-de-dessin-manga-2022\/resultats-des-concours\/"]}]},{"@type":"BreadcrumbList","@id":"https:\/\/silejapon-m-etaitconte.com\/index.php\/resultat-du-concours-de-dessin-manga-2022\/resultats-des-concours\/#breadcrumb","itemListElement":[{"@type":"ListItem","position":1,"name":"Accueil","item":"https:\/\/silejapon-m-etaitconte.com\/"},{"@type":"ListItem","position":2,"name":"R\u00e9sultat du concours de dessin manga 2022","item":"https:\/\/silejapon-m-etaitconte.com\/index.php\/resultat-du-concours-de-dessin-manga-2022\/"},{"@type":"ListItem","position":3,"name":"R\u00e9sultats des concours 2021"}]},{"@type":"WebSite","@id":"https:\/\/silejapon-m-etaitconte.com\/#website","url":"https:\/\/silejapon-m-etaitconte.com\/","name":"Si le Japon m'\u00e9tait cont\u00e9","description":"Une passerelle entre la France et le Japon","publisher":{"@id":"https:\/\/silejapon-m-etaitconte.com\/#organization"},"potentialAction":[{"@type":"SearchAction","target":{"@type":"EntryPoint","urlTemplate":"https:\/\/silejapon-m-etaitconte.com\/?s={search_term_string}"},"query-input":"required name=search_term_string"}],"inLanguage":"fr-FR"},{"@type":"Organization","@id":"https:\/\/silejapon-m-etaitconte.com\/#organization","name":"Si le Japon m'\u00e9tait cont\u00e9","url":"https:\/\/silejapon-m-etaitconte.com\/","logo":{"@type":"ImageObject","inLanguage":"fr-FR","@id":"https:\/\/silejapon-m-etaitconte.com\/#\/schema\/logo\/image\/","url":"https:\/\/silejapon-m-etaitconte.com\/wp-content\/uploads\/2022\/02\/logo_long.jpg","contentUrl":"https:\/\/silejapon-m-etaitconte.com\/wp-content\/uploads\/2022\/02\/logo_long.jpg","width":2444,"height":390,"caption":"Si le Japon m'\u00e9tait cont\u00e9"},"image":{"@id":"https:\/\/silejapon-m-etaitconte.com\/#\/schema\/logo\/image\/"},"sameAs":["https:\/\/www.facebook.com\/people\/Si-le-Japon-mtait-cont\/100081623407869\/"]}]}},"_links":{"self":[{"href":"https:\/\/silejapon-m-etaitconte.com\/index.php\/wp-json\/wp\/v2\/pages\/744","targetHints":{"allow":["GET"]}}],"collection":[{"href":"https:\/\/silejapon-m-etaitconte.com\/index.php\/wp-json\/wp\/v2\/pages"}],"about":[{"href":"https:\/\/silejapon-m-etaitconte.com\/index.php\/wp-json\/wp\/v2\/types\/page"}],"author":[{"embeddable":true,"href":"https:\/\/silejapon-m-etaitconte.com\/index.php\/wp-json\/wp\/v2\/users\/1"}],"replies":[{"embeddable":true,"href":"https:\/\/silejapon-m-etaitconte.com\/index.php\/wp-json\/wp\/v2\/comments?post=744"}],"version-history":[{"count":23,"href":"https:\/\/silejapon-m-etaitconte.com\/index.php\/wp-json\/wp\/v2\/pages\/744\/revisions"}],"predecessor-version":[{"id":1068,"href":"https:\/\/silejapon-m-etaitconte.com\/index.php\/wp-json\/wp\/v2\/pages\/744\/revisions\/1068"}],"up":[{"embeddable":true,"href":"https:\/\/silejapon-m-etaitconte.com\/index.php\/wp-json\/wp\/v2\/pages\/1043"}],"wp:attachment":[{"href":"https:\/\/silejapon-m-etaitconte.com\/index.php\/wp-json\/wp\/v2\/media?parent=744"}],"curies":[{"name":"wp","href":"https:\/\/api.w.org\/{rel}","templated":true}]}}