{"id":1839,"date":"2024-05-20T19:09:49","date_gmt":"2024-05-20T17:09:49","guid":{"rendered":"https:\/\/silejapon-m-etaitconte.com\/?page_id=1839"},"modified":"2024-05-20T21:22:06","modified_gmt":"2024-05-20T19:22:06","slug":"dessins-des-participants-2024","status":"publish","type":"page","link":"https:\/\/silejapon-m-etaitconte.com\/index.php\/resultat-du-concours-de-dessin-manga-2024\/dessins-des-participants-2024\/","title":{"rendered":"Dessins des participants 2024"},"content":{"rendered":"\n<p>Voici les meilleurs dessins de ceux qui ont particip\u00e9 mais qui n\u2019ont pas eu de prix<\/p>\n\n\n\n<p>Pour voir les dessins des vainqueurs suivez <a href=\"https:\/\/silejapon-m-etaitconte.com\/index.php\/resultat-du-concours-de-dessin-manga-2024\/\">le lien<\/a>.<\/p>\n\n\n\n<p class=\"has-white-color has-luminous-dusk-gradient-background has-text-color has-background\"><strong>Cat\u00e9gories plus de 18 ans \u2013 autres meilleurs dessins<\/strong><\/p>\n\n\n\n<figure class=\"wp-block-image size-large is-resized\"><img loading=\"lazy\" decoding=\"async\" width=\"724\" height=\"1024\" src=\"https:\/\/silejapon-m-etaitconte.com\/wp-content\/uploads\/2024\/05\/matthias_gimenez-1-724x1024.jpg\" alt=\"\" class=\"wp-image-1842\" style=\"aspect-ratio:3\/4;object-fit:contain;width:450px\" srcset=\"https:\/\/silejapon-m-etaitconte.com\/wp-content\/uploads\/2024\/05\/matthias_gimenez-1-724x1024.jpg 724w, https:\/\/silejapon-m-etaitconte.com\/wp-content\/uploads\/2024\/05\/matthias_gimenez-1-212x300.jpg 212w, https:\/\/silejapon-m-etaitconte.com\/wp-content\/uploads\/2024\/05\/matthias_gimenez-1-768x1086.jpg 768w, https:\/\/silejapon-m-etaitconte.com\/wp-content\/uploads\/2024\/05\/matthias_gimenez-1-1086x1536.jpg 1086w, https:\/\/silejapon-m-etaitconte.com\/wp-content\/uploads\/2024\/05\/matthias_gimenez-1-1448x2048.jpg 1448w, https:\/\/silejapon-m-etaitconte.com\/wp-content\/uploads\/2024\/05\/matthias_gimenez-1-scaled.jpg 1810w\" sizes=\"auto, (max-width: 724px) 100vw, 724px\" \/><figcaption class=\"wp-element-caption\">Matthias Gimenez<\/figcaption><\/figure>\n\n\n\n<figure class=\"wp-block-image size-large is-resized\"><img loading=\"lazy\" decoding=\"async\" width=\"1024\" height=\"724\" src=\"https:\/\/silejapon-m-etaitconte.com\/wp-content\/uploads\/2024\/05\/batiste_drigout-1024x724.jpg\" alt=\"\" class=\"wp-image-1840\" style=\"aspect-ratio:4\/3;object-fit:contain;height:450px\" srcset=\"https:\/\/silejapon-m-etaitconte.com\/wp-content\/uploads\/2024\/05\/batiste_drigout-1024x724.jpg 1024w, https:\/\/silejapon-m-etaitconte.com\/wp-content\/uploads\/2024\/05\/batiste_drigout-300x212.jpg 300w, https:\/\/silejapon-m-etaitconte.com\/wp-content\/uploads\/2024\/05\/batiste_drigout-768x543.jpg 768w, https:\/\/silejapon-m-etaitconte.com\/wp-content\/uploads\/2024\/05\/batiste_drigout-1536x1086.jpg 1536w, https:\/\/silejapon-m-etaitconte.com\/wp-content\/uploads\/2024\/05\/batiste_drigout-2048x1448.jpg 2048w\" sizes=\"auto, (max-width: 1024px) 100vw, 1024px\" \/><figcaption class=\"wp-element-caption\">Baptiste Drigout<\/figcaption><\/figure>\n\n\n\n<p class=\"has-black-color has-blush-light-purple-gradient-background has-text-color has-background\"><strong>Cat\u00e9gories 15 &#8211; 18 ans \u2013 autres meilleurs dessins<\/strong><\/p>\n\n\n\n<figure class=\"wp-block-image size-large is-resized\"><img loading=\"lazy\" decoding=\"async\" width=\"1024\" height=\"724\" src=\"https:\/\/silejapon-m-etaitconte.com\/wp-content\/uploads\/2024\/05\/alexandra_ferrigno-1024x724.jpg\" alt=\"\" class=\"wp-image-1844\" style=\"aspect-ratio:4\/3;object-fit:contain;height:450px\" srcset=\"https:\/\/silejapon-m-etaitconte.com\/wp-content\/uploads\/2024\/05\/alexandra_ferrigno-1024x724.jpg 1024w, https:\/\/silejapon-m-etaitconte.com\/wp-content\/uploads\/2024\/05\/alexandra_ferrigno-300x212.jpg 300w, https:\/\/silejapon-m-etaitconte.com\/wp-content\/uploads\/2024\/05\/alexandra_ferrigno-768x543.jpg 768w, https:\/\/silejapon-m-etaitconte.com\/wp-content\/uploads\/2024\/05\/alexandra_ferrigno.jpg 1131w\" sizes=\"auto, (max-width: 1024px) 100vw, 1024px\" \/><figcaption class=\"wp-element-caption\">Alexandra Ferrigno<\/figcaption><\/figure>\n\n\n\n<figure class=\"wp-block-image size-large is-resized\"><img loading=\"lazy\" decoding=\"async\" width=\"1024\" height=\"724\" src=\"https:\/\/silejapon-m-etaitconte.com\/wp-content\/uploads\/2024\/05\/matti_roux-1024x724.jpg\" alt=\"\" class=\"wp-image-1845\" style=\"aspect-ratio:4\/3;object-fit:contain;height:450px\" srcset=\"https:\/\/silejapon-m-etaitconte.com\/wp-content\/uploads\/2024\/05\/matti_roux-1024x724.jpg 1024w, https:\/\/silejapon-m-etaitconte.com\/wp-content\/uploads\/2024\/05\/matti_roux-300x212.jpg 300w, https:\/\/silejapon-m-etaitconte.com\/wp-content\/uploads\/2024\/05\/matti_roux-768x543.jpg 768w, https:\/\/silejapon-m-etaitconte.com\/wp-content\/uploads\/2024\/05\/matti_roux.jpg 1131w\" sizes=\"auto, (max-width: 1024px) 100vw, 1024px\" \/><figcaption class=\"wp-element-caption\">Matti Roux<\/figcaption><\/figure>\n\n\n\n<p class=\"has-black-color has-electric-grass-gradient-background has-text-color has-background\"><strong>Cat\u00e9gories 11 &#8211; 14 ans \u2013 autres meilleurs dessins<\/strong><\/p>\n\n\n\n<figure class=\"wp-block-image size-large is-resized\"><img loading=\"lazy\" decoding=\"async\" width=\"724\" height=\"1024\" src=\"https:\/\/silejapon-m-etaitconte.com\/wp-content\/uploads\/2024\/05\/vanille_roussillon-724x1024.jpg\" alt=\"\" class=\"wp-image-1853\" style=\"aspect-ratio:3\/4;object-fit:contain;width:450px\" srcset=\"https:\/\/silejapon-m-etaitconte.com\/wp-content\/uploads\/2024\/05\/vanille_roussillon-724x1024.jpg 724w, https:\/\/silejapon-m-etaitconte.com\/wp-content\/uploads\/2024\/05\/vanille_roussillon-212x300.jpg 212w, https:\/\/silejapon-m-etaitconte.com\/wp-content\/uploads\/2024\/05\/vanille_roussillon-768x1086.jpg 768w, https:\/\/silejapon-m-etaitconte.com\/wp-content\/uploads\/2024\/05\/vanille_roussillon.jpg 800w\" sizes=\"auto, (max-width: 724px) 100vw, 724px\" \/><figcaption class=\"wp-element-caption\">Vanille Roussillon<\/figcaption><\/figure>\n\n\n\n<figure class=\"wp-block-gallery has-nested-images columns-2 is-cropped wp-block-gallery-1 is-layout-flex wp-block-gallery-is-layout-flex\">\n<figure class=\"wp-block-image size-large\"><img loading=\"lazy\" decoding=\"async\" width=\"724\" height=\"1024\" data-id=\"1852\" src=\"https:\/\/silejapon-m-etaitconte.com\/wp-content\/uploads\/2024\/05\/jiani_fiona_zhu-724x1024.jpg\" alt=\"\" class=\"wp-image-1852\" srcset=\"https:\/\/silejapon-m-etaitconte.com\/wp-content\/uploads\/2024\/05\/jiani_fiona_zhu-724x1024.jpg 724w, https:\/\/silejapon-m-etaitconte.com\/wp-content\/uploads\/2024\/05\/jiani_fiona_zhu-212x300.jpg 212w, https:\/\/silejapon-m-etaitconte.com\/wp-content\/uploads\/2024\/05\/jiani_fiona_zhu-768x1086.jpg 768w, https:\/\/silejapon-m-etaitconte.com\/wp-content\/uploads\/2024\/05\/jiani_fiona_zhu.jpg 800w\" sizes=\"auto, (max-width: 724px) 100vw, 724px\" \/><figcaption class=\"wp-element-caption\">Jiani Fiona Zhu<\/figcaption><\/figure>\n\n\n\n<figure class=\"wp-block-image size-large\"><img loading=\"lazy\" decoding=\"async\" width=\"724\" height=\"1024\" data-id=\"1851\" src=\"https:\/\/silejapon-m-etaitconte.com\/wp-content\/uploads\/2024\/05\/hortense_dufrasne_delalandre-724x1024.jpg\" alt=\"\" class=\"wp-image-1851\" srcset=\"https:\/\/silejapon-m-etaitconte.com\/wp-content\/uploads\/2024\/05\/hortense_dufrasne_delalandre-724x1024.jpg 724w, https:\/\/silejapon-m-etaitconte.com\/wp-content\/uploads\/2024\/05\/hortense_dufrasne_delalandre-212x300.jpg 212w, https:\/\/silejapon-m-etaitconte.com\/wp-content\/uploads\/2024\/05\/hortense_dufrasne_delalandre-768x1086.jpg 768w, https:\/\/silejapon-m-etaitconte.com\/wp-content\/uploads\/2024\/05\/hortense_dufrasne_delalandre.jpg 800w\" sizes=\"auto, (max-width: 724px) 100vw, 724px\" \/><figcaption class=\"wp-element-caption\">Hortense Dufrasne-Delalandre<\/figcaption><\/figure>\n\n\n\n<figure class=\"wp-block-image size-large\"><img loading=\"lazy\" decoding=\"async\" width=\"724\" height=\"1024\" data-id=\"1849\" src=\"https:\/\/silejapon-m-etaitconte.com\/wp-content\/uploads\/2024\/05\/himiko_fujimoto_couet-724x1024.jpg\" alt=\"\" class=\"wp-image-1849\" srcset=\"https:\/\/silejapon-m-etaitconte.com\/wp-content\/uploads\/2024\/05\/himiko_fujimoto_couet-724x1024.jpg 724w, https:\/\/silejapon-m-etaitconte.com\/wp-content\/uploads\/2024\/05\/himiko_fujimoto_couet-212x300.jpg 212w, https:\/\/silejapon-m-etaitconte.com\/wp-content\/uploads\/2024\/05\/himiko_fujimoto_couet-768x1086.jpg 768w, https:\/\/silejapon-m-etaitconte.com\/wp-content\/uploads\/2024\/05\/himiko_fujimoto_couet.jpg 800w\" sizes=\"auto, (max-width: 724px) 100vw, 724px\" \/><figcaption class=\"wp-element-caption\">Himiko Fujimoto-Cau\u00ebt<\/figcaption><\/figure>\n\n\n\n<figure class=\"wp-block-image size-large\"><img loading=\"lazy\" decoding=\"async\" width=\"724\" height=\"1024\" data-id=\"1848\" src=\"https:\/\/silejapon-m-etaitconte.com\/wp-content\/uploads\/2024\/05\/anouk_ovidio-724x1024.jpg\" alt=\"\" class=\"wp-image-1848\" srcset=\"https:\/\/silejapon-m-etaitconte.com\/wp-content\/uploads\/2024\/05\/anouk_ovidio-724x1024.jpg 724w, https:\/\/silejapon-m-etaitconte.com\/wp-content\/uploads\/2024\/05\/anouk_ovidio-212x300.jpg 212w, https:\/\/silejapon-m-etaitconte.com\/wp-content\/uploads\/2024\/05\/anouk_ovidio-768x1086.jpg 768w, https:\/\/silejapon-m-etaitconte.com\/wp-content\/uploads\/2024\/05\/anouk_ovidio.jpg 800w\" sizes=\"auto, (max-width: 724px) 100vw, 724px\" \/><figcaption class=\"wp-element-caption\">Anouk Ovidio<\/figcaption><\/figure>\n<\/figure>\n\n\n\n<p class=\"has-black-color has-pale-ocean-gradient-background has-text-color has-background\"><strong>Cat\u00e9gories moins de 11 ans \u2013 autres meilleurs dessins<\/strong><\/p>\n\n\n\n<figure class=\"wp-block-image size-large is-resized\"><img loading=\"lazy\" decoding=\"async\" width=\"1024\" height=\"724\" src=\"https:\/\/silejapon-m-etaitconte.com\/wp-content\/uploads\/2024\/05\/yael_lascombes-1024x724.jpg\" alt=\"\" class=\"wp-image-1859\" style=\"aspect-ratio:4\/3;object-fit:contain;height:450px\" srcset=\"https:\/\/silejapon-m-etaitconte.com\/wp-content\/uploads\/2024\/05\/yael_lascombes-1024x724.jpg 1024w, https:\/\/silejapon-m-etaitconte.com\/wp-content\/uploads\/2024\/05\/yael_lascombes-300x212.jpg 300w, https:\/\/silejapon-m-etaitconte.com\/wp-content\/uploads\/2024\/05\/yael_lascombes-768x543.jpg 768w, https:\/\/silejapon-m-etaitconte.com\/wp-content\/uploads\/2024\/05\/yael_lascombes.jpg 1131w\" sizes=\"auto, (max-width: 1024px) 100vw, 1024px\" \/><figcaption class=\"wp-element-caption\">Ya\u00ebl Lascombes<\/figcaption><\/figure>\n\n\n\n<figure class=\"wp-block-image size-large is-resized\"><img loading=\"lazy\" decoding=\"async\" width=\"1024\" height=\"724\" src=\"https:\/\/silejapon-m-etaitconte.com\/wp-content\/uploads\/2024\/05\/soline_bruel-1-1024x724.jpg\" alt=\"\" class=\"wp-image-1858\" style=\"aspect-ratio:4\/3;object-fit:contain;height:450px\" srcset=\"https:\/\/silejapon-m-etaitconte.com\/wp-content\/uploads\/2024\/05\/soline_bruel-1-1024x724.jpg 1024w, https:\/\/silejapon-m-etaitconte.com\/wp-content\/uploads\/2024\/05\/soline_bruel-1-300x212.jpg 300w, https:\/\/silejapon-m-etaitconte.com\/wp-content\/uploads\/2024\/05\/soline_bruel-1-768x543.jpg 768w, https:\/\/silejapon-m-etaitconte.com\/wp-content\/uploads\/2024\/05\/soline_bruel-1.jpg 1131w\" sizes=\"auto, (max-width: 1024px) 100vw, 1024px\" \/><figcaption class=\"wp-element-caption\">Soline Bruel<\/figcaption><\/figure>\n\n\n\n<figure class=\"wp-block-image size-large is-resized\"><img loading=\"lazy\" decoding=\"async\" width=\"1024\" height=\"724\" src=\"https:\/\/silejapon-m-etaitconte.com\/wp-content\/uploads\/2024\/05\/ethan_arquero-1024x724.jpg\" alt=\"\" class=\"wp-image-1861\" style=\"aspect-ratio:4\/3;object-fit:contain;height:450px\" srcset=\"https:\/\/silejapon-m-etaitconte.com\/wp-content\/uploads\/2024\/05\/ethan_arquero-1024x724.jpg 1024w, https:\/\/silejapon-m-etaitconte.com\/wp-content\/uploads\/2024\/05\/ethan_arquero-300x212.jpg 300w, https:\/\/silejapon-m-etaitconte.com\/wp-content\/uploads\/2024\/05\/ethan_arquero-768x543.jpg 768w, https:\/\/silejapon-m-etaitconte.com\/wp-content\/uploads\/2024\/05\/ethan_arquero.jpg 1131w\" sizes=\"auto, (max-width: 1024px) 100vw, 1024px\" \/><figcaption class=\"wp-element-caption\">Ethan Arquero<\/figcaption><\/figure>\n","protected":false},"excerpt":{"rendered":"<p>Voici les meilleurs dessins de ceux qui ont particip\u00e9 mais qui n\u2019ont pas eu de prix Pour voir les dessins des vainqueurs suivez le lien. Cat\u00e9gories plus de 18 ans \u2013 autres meilleurs dessins Cat\u00e9gories 15 &#8211; 18 ans \u2013 autres meilleurs dessins Cat\u00e9gories 11 &#8211; 14 ans \u2013 autres meilleurs dessins Cat\u00e9gories moins de 11 ans \u2013 autres meilleurs dessins<\/p>\n","protected":false},"author":1,"featured_media":0,"parent":1823,"menu_order":0,"comment_status":"closed","ping_status":"closed","template":"","meta":{"footnotes":""},"class_list":["post-1839","page","type-page","status-publish","hentry","comments-off"],"yoast_head":"<!-- This site is optimized with the Yoast SEO plugin v21.0 - https:\/\/yoast.com\/wordpress\/plugins\/seo\/ -->\n<title>Dessins des participants 2024 - Si le Japon m&#039;\u00e9tait cont\u00e9<\/title>\n<meta name=\"robots\" content=\"index, follow, max-snippet:-1, max-image-preview:large, max-video-preview:-1\" \/>\n<link rel=\"canonical\" href=\"https:\/\/silejapon-m-etaitconte.com\/index.php\/resultat-du-concours-de-dessin-manga-2024\/dessins-des-participants-2024\/\" \/>\n<meta property=\"og:locale\" content=\"fr_FR\" \/>\n<meta property=\"og:type\" content=\"article\" \/>\n<meta property=\"og:title\" content=\"Dessins des participants 2024 - Si le Japon m&#039;\u00e9tait cont\u00e9\" \/>\n<meta property=\"og:description\" content=\"Voici les meilleurs dessins de ceux qui ont particip\u00e9 mais qui n\u2019ont pas eu de prix Pour voir les dessins des vainqueurs suivez le lien. Cat\u00e9gories plus de 18 ans \u2013 autres meilleurs dessins Cat\u00e9gories 15 &#8211; 18 ans \u2013 autres meilleurs dessins Cat\u00e9gories 11 &#8211; 14 ans \u2013 autres meilleurs dessins Cat\u00e9gories moins de 11 ans \u2013 autres meilleurs dessins\" \/>\n<meta property=\"og:url\" content=\"https:\/\/silejapon-m-etaitconte.com\/index.php\/resultat-du-concours-de-dessin-manga-2024\/dessins-des-participants-2024\/\" \/>\n<meta property=\"og:site_name\" content=\"Si le Japon m&#039;\u00e9tait cont\u00e9\" \/>\n<meta property=\"article:publisher\" content=\"https:\/\/www.facebook.com\/people\/Si-le-Japon-mtait-cont\/100081623407869\/\" \/>\n<meta property=\"article:modified_time\" content=\"2024-05-20T19:22:06+00:00\" \/>\n<meta property=\"og:image\" content=\"https:\/\/silejapon-m-etaitconte.com\/wp-content\/uploads\/2024\/05\/matthias_gimenez-1-724x1024.jpg\" \/>\n<meta name=\"twitter:card\" content=\"summary_large_image\" \/>\n<meta name=\"twitter:label1\" content=\"Dur\u00e9e de lecture estim\u00e9e\" \/>\n\t<meta name=\"twitter:data1\" content=\"3 minutes\" \/>\n<script type=\"application\/ld+json\" class=\"yoast-schema-graph\">{\"@context\":\"https:\/\/schema.org\",\"@graph\":[{\"@type\":\"WebPage\",\"@id\":\"https:\/\/silejapon-m-etaitconte.com\/index.php\/resultat-du-concours-de-dessin-manga-2024\/dessins-des-participants-2024\/\",\"url\":\"https:\/\/silejapon-m-etaitconte.com\/index.php\/resultat-du-concours-de-dessin-manga-2024\/dessins-des-participants-2024\/\",\"name\":\"Dessins des participants 2024 - Si le Japon m&#039;\u00e9tait cont\u00e9\",\"isPartOf\":{\"@id\":\"https:\/\/silejapon-m-etaitconte.com\/#website\"},\"datePublished\":\"2024-05-20T17:09:49+00:00\",\"dateModified\":\"2024-05-20T19:22:06+00:00\",\"breadcrumb\":{\"@id\":\"https:\/\/silejapon-m-etaitconte.com\/index.php\/resultat-du-concours-de-dessin-manga-2024\/dessins-des-participants-2024\/#breadcrumb\"},\"inLanguage\":\"fr-FR\",\"potentialAction\":[{\"@type\":\"ReadAction\",\"target\":[\"https:\/\/silejapon-m-etaitconte.com\/index.php\/resultat-du-concours-de-dessin-manga-2024\/dessins-des-participants-2024\/\"]}]},{\"@type\":\"BreadcrumbList\",\"@id\":\"https:\/\/silejapon-m-etaitconte.com\/index.php\/resultat-du-concours-de-dessin-manga-2024\/dessins-des-participants-2024\/#breadcrumb\",\"itemListElement\":[{\"@type\":\"ListItem\",\"position\":1,\"name\":\"Accueil\",\"item\":\"https:\/\/silejapon-m-etaitconte.com\/\"},{\"@type\":\"ListItem\",\"position\":2,\"name\":\"R\u00e9sultat du concours de dessin manga 2024\",\"item\":\"https:\/\/silejapon-m-etaitconte.com\/index.php\/resultat-du-concours-de-dessin-manga-2024\/\"},{\"@type\":\"ListItem\",\"position\":3,\"name\":\"Dessins des participants 2024\"}]},{\"@type\":\"WebSite\",\"@id\":\"https:\/\/silejapon-m-etaitconte.com\/#website\",\"url\":\"https:\/\/silejapon-m-etaitconte.com\/\",\"name\":\"Si le Japon m'\u00e9tait cont\u00e9\",\"description\":\"Une passerelle entre la France et le Japon\",\"publisher\":{\"@id\":\"https:\/\/silejapon-m-etaitconte.com\/#organization\"},\"potentialAction\":[{\"@type\":\"SearchAction\",\"target\":{\"@type\":\"EntryPoint\",\"urlTemplate\":\"https:\/\/silejapon-m-etaitconte.com\/?s={search_term_string}\"},\"query-input\":\"required name=search_term_string\"}],\"inLanguage\":\"fr-FR\"},{\"@type\":\"Organization\",\"@id\":\"https:\/\/silejapon-m-etaitconte.com\/#organization\",\"name\":\"Si le Japon m'\u00e9tait cont\u00e9\",\"url\":\"https:\/\/silejapon-m-etaitconte.com\/\",\"logo\":{\"@type\":\"ImageObject\",\"inLanguage\":\"fr-FR\",\"@id\":\"https:\/\/silejapon-m-etaitconte.com\/#\/schema\/logo\/image\/\",\"url\":\"https:\/\/silejapon-m-etaitconte.com\/wp-content\/uploads\/2022\/02\/logo_long.jpg\",\"contentUrl\":\"https:\/\/silejapon-m-etaitconte.com\/wp-content\/uploads\/2022\/02\/logo_long.jpg\",\"width\":2444,\"height\":390,\"caption\":\"Si le Japon m'\u00e9tait cont\u00e9\"},\"image\":{\"@id\":\"https:\/\/silejapon-m-etaitconte.com\/#\/schema\/logo\/image\/\"},\"sameAs\":[\"https:\/\/www.facebook.com\/people\/Si-le-Japon-mtait-cont\/100081623407869\/\"]}]}<\/script>\n<!-- \/ Yoast SEO plugin. -->","yoast_head_json":{"title":"Dessins des participants 2024 - Si le Japon m&#039;\u00e9tait cont\u00e9","robots":{"index":"index","follow":"follow","max-snippet":"max-snippet:-1","max-image-preview":"max-image-preview:large","max-video-preview":"max-video-preview:-1"},"canonical":"https:\/\/silejapon-m-etaitconte.com\/index.php\/resultat-du-concours-de-dessin-manga-2024\/dessins-des-participants-2024\/","og_locale":"fr_FR","og_type":"article","og_title":"Dessins des participants 2024 - Si le Japon m&#039;\u00e9tait cont\u00e9","og_description":"Voici les meilleurs dessins de ceux qui ont particip\u00e9 mais qui n\u2019ont pas eu de prix Pour voir les dessins des vainqueurs suivez le lien. Cat\u00e9gories plus de 18 ans \u2013 autres meilleurs dessins Cat\u00e9gories 15 &#8211; 18 ans \u2013 autres meilleurs dessins Cat\u00e9gories 11 &#8211; 14 ans \u2013 autres meilleurs dessins Cat\u00e9gories moins de 11 ans \u2013 autres meilleurs dessins","og_url":"https:\/\/silejapon-m-etaitconte.com\/index.php\/resultat-du-concours-de-dessin-manga-2024\/dessins-des-participants-2024\/","og_site_name":"Si le Japon m&#039;\u00e9tait cont\u00e9","article_publisher":"https:\/\/www.facebook.com\/people\/Si-le-Japon-mtait-cont\/100081623407869\/","article_modified_time":"2024-05-20T19:22:06+00:00","og_image":[{"url":"https:\/\/silejapon-m-etaitconte.com\/wp-content\/uploads\/2024\/05\/matthias_gimenez-1-724x1024.jpg"}],"twitter_card":"summary_large_image","twitter_misc":{"Dur\u00e9e de lecture estim\u00e9e":"3 minutes"},"schema":{"@context":"https:\/\/schema.org","@graph":[{"@type":"WebPage","@id":"https:\/\/silejapon-m-etaitconte.com\/index.php\/resultat-du-concours-de-dessin-manga-2024\/dessins-des-participants-2024\/","url":"https:\/\/silejapon-m-etaitconte.com\/index.php\/resultat-du-concours-de-dessin-manga-2024\/dessins-des-participants-2024\/","name":"Dessins des participants 2024 - Si le Japon m&#039;\u00e9tait cont\u00e9","isPartOf":{"@id":"https:\/\/silejapon-m-etaitconte.com\/#website"},"datePublished":"2024-05-20T17:09:49+00:00","dateModified":"2024-05-20T19:22:06+00:00","breadcrumb":{"@id":"https:\/\/silejapon-m-etaitconte.com\/index.php\/resultat-du-concours-de-dessin-manga-2024\/dessins-des-participants-2024\/#breadcrumb"},"inLanguage":"fr-FR","potentialAction":[{"@type":"ReadAction","target":["https:\/\/silejapon-m-etaitconte.com\/index.php\/resultat-du-concours-de-dessin-manga-2024\/dessins-des-participants-2024\/"]}]},{"@type":"BreadcrumbList","@id":"https:\/\/silejapon-m-etaitconte.com\/index.php\/resultat-du-concours-de-dessin-manga-2024\/dessins-des-participants-2024\/#breadcrumb","itemListElement":[{"@type":"ListItem","position":1,"name":"Accueil","item":"https:\/\/silejapon-m-etaitconte.com\/"},{"@type":"ListItem","position":2,"name":"R\u00e9sultat du concours de dessin manga 2024","item":"https:\/\/silejapon-m-etaitconte.com\/index.php\/resultat-du-concours-de-dessin-manga-2024\/"},{"@type":"ListItem","position":3,"name":"Dessins des participants 2024"}]},{"@type":"WebSite","@id":"https:\/\/silejapon-m-etaitconte.com\/#website","url":"https:\/\/silejapon-m-etaitconte.com\/","name":"Si le Japon m'\u00e9tait cont\u00e9","description":"Une passerelle entre la France et le Japon","publisher":{"@id":"https:\/\/silejapon-m-etaitconte.com\/#organization"},"potentialAction":[{"@type":"SearchAction","target":{"@type":"EntryPoint","urlTemplate":"https:\/\/silejapon-m-etaitconte.com\/?s={search_term_string}"},"query-input":"required name=search_term_string"}],"inLanguage":"fr-FR"},{"@type":"Organization","@id":"https:\/\/silejapon-m-etaitconte.com\/#organization","name":"Si le Japon m'\u00e9tait cont\u00e9","url":"https:\/\/silejapon-m-etaitconte.com\/","logo":{"@type":"ImageObject","inLanguage":"fr-FR","@id":"https:\/\/silejapon-m-etaitconte.com\/#\/schema\/logo\/image\/","url":"https:\/\/silejapon-m-etaitconte.com\/wp-content\/uploads\/2022\/02\/logo_long.jpg","contentUrl":"https:\/\/silejapon-m-etaitconte.com\/wp-content\/uploads\/2022\/02\/logo_long.jpg","width":2444,"height":390,"caption":"Si le Japon m'\u00e9tait cont\u00e9"},"image":{"@id":"https:\/\/silejapon-m-etaitconte.com\/#\/schema\/logo\/image\/"},"sameAs":["https:\/\/www.facebook.com\/people\/Si-le-Japon-mtait-cont\/100081623407869\/"]}]}},"_links":{"self":[{"href":"https:\/\/silejapon-m-etaitconte.com\/index.php\/wp-json\/wp\/v2\/pages\/1839","targetHints":{"allow":["GET"]}}],"collection":[{"href":"https:\/\/silejapon-m-etaitconte.com\/index.php\/wp-json\/wp\/v2\/pages"}],"about":[{"href":"https:\/\/silejapon-m-etaitconte.com\/index.php\/wp-json\/wp\/v2\/types\/page"}],"author":[{"embeddable":true,"href":"https:\/\/silejapon-m-etaitconte.com\/index.php\/wp-json\/wp\/v2\/users\/1"}],"replies":[{"embeddable":true,"href":"https:\/\/silejapon-m-etaitconte.com\/index.php\/wp-json\/wp\/v2\/comments?post=1839"}],"version-history":[{"count":22,"href":"https:\/\/silejapon-m-etaitconte.com\/index.php\/wp-json\/wp\/v2\/pages\/1839\/revisions"}],"predecessor-version":[{"id":1898,"href":"https:\/\/silejapon-m-etaitconte.com\/index.php\/wp-json\/wp\/v2\/pages\/1839\/revisions\/1898"}],"up":[{"embeddable":true,"href":"https:\/\/silejapon-m-etaitconte.com\/index.php\/wp-json\/wp\/v2\/pages\/1823"}],"wp:attachment":[{"href":"https:\/\/silejapon-m-etaitconte.com\/index.php\/wp-json\/wp\/v2\/media?parent=1839"}],"curies":[{"name":"wp","href":"https:\/\/api.w.org\/{rel}","templated":true}]}}