{"version":"1.0","provider_name":"Si le Japon m&#039;\u00e9tait cont\u00e9","provider_url":"https:\/\/silejapon-m-etaitconte.com","author_name":"admin4454","author_url":"https:\/\/silejapon-m-etaitconte.com\/index.php\/author\/admin4454\/","title":"Notre rentr\u00e9e septembre 2025 - Si le Japon m&#039;\u00e9tait cont\u00e9","type":"rich","width":600,"height":338,"html":"<blockquote class=\"wp-embedded-content\" data-secret=\"ImFcZaqnLi\"><a href=\"https:\/\/silejapon-m-etaitconte.com\/index.php\/2025\/09\/13\/notre-rentree-septembre-2025\/\">Notre rentr\u00e9e septembre 2025<\/a><\/blockquote><iframe sandbox=\"allow-scripts\" security=\"restricted\" src=\"https:\/\/silejapon-m-etaitconte.com\/index.php\/2025\/09\/13\/notre-rentree-septembre-2025\/embed\/#?secret=ImFcZaqnLi\" width=\"600\" height=\"338\" title=\"\u00ab\u00a0Notre rentr\u00e9e septembre 2025\u00a0\u00bb &#8212; Si le Japon m&#039;\u00e9tait cont\u00e9\" data-secret=\"ImFcZaqnLi\" frameborder=\"0\" marginwidth=\"0\" marginheight=\"0\" scrolling=\"no\" class=\"wp-embedded-content\"><\/iframe><script type=\"text\/javascript\">\n\/* <![CDATA[ *\/\n\/*! This file is auto-generated *\/\n!function(d,l){\"use strict\";l.querySelector&&d.addEventListener&&\"undefined\"!=typeof URL&&(d.wp=d.wp||{},d.wp.receiveEmbedMessage||(d.wp.receiveEmbedMessage=function(e){var t=e.data;if((t||t.secret||t.message||t.value)&&!\/[^a-zA-Z0-9]\/.test(t.secret)){for(var s,r,n,a=l.querySelectorAll('iframe[data-secret=\"'+t.secret+'\"]'),o=l.querySelectorAll('blockquote[data-secret=\"'+t.secret+'\"]'),c=new RegExp(\"^https?:$\",\"i\"),i=0;i<o.length;i++)o[i].style.display=\"none\";for(i=0;i<a.length;i++)s=a[i],e.source===s.contentWindow&&(s.removeAttribute(\"style\"),\"height\"===t.message?(1e3<(r=parseInt(t.value,10))?r=1e3:~~r<200&&(r=200),s.height=r):\"link\"===t.message&&(r=new URL(s.getAttribute(\"src\")),n=new URL(t.value),c.test(n.protocol))&&n.host===r.host&&l.activeElement===s&&(d.top.location.href=t.value))}},d.addEventListener(\"message\",d.wp.receiveEmbedMessage,!1),l.addEventListener(\"DOMContentLoaded\",function(){for(var e,t,s=l.querySelectorAll(\"iframe.wp-embedded-content\"),r=0;r<s.length;r++)(t=(e=s[r]).getAttribute(\"data-secret\"))||(t=Math.random().toString(36).substring(2,12),e.src+=\"#?secret=\"+t,e.setAttribute(\"data-secret\",t)),e.contentWindow.postMessage({message:\"ready\",secret:t},\"*\")},!1)))}(window,document);\n\/* ]]> *\/\n<\/script>\n","thumbnail_url":"https:\/\/silejapon-m-etaitconte.com\/wp-content\/uploads\/2025\/09\/Flyer2025-26-pdf-724x1024.jpg","thumbnail_width":600,"thumbnail_height":849,"description":"Ateliers manga de Yugi, \u00ab\u00a0Viens dessiner et cr\u00e9er des pages manga !\u00a0\u00bb, une fois par mois (tous les premiers mercredis d\u2019octobre \u00e0 mai), 16h-18hA partir de 10 ansTarif&nbsp;:60 \u20ac + frais d\u2019adh\u00e9sion annuelle55 \u20ac pour les moins de 18 ans + frais d\u2019adh\u00e9sion annuelle ***Il y aura aussi d&rsquo;autres ateliers manga de Yugi et de Samuel (voir \u00ab&nbsp;Qui sommes-nous?&nbsp;\u00bb) pendant les vacances scolaires Cours de japonais :Mercredis apr\u00e8s-midi, \u00e0 la salle Pessebre \u00e0 PradesNombre de personnes dans chaque groupe&nbsp;: 4-7 personnesCours accessibles \u00e0 partir de 11 ansAvec Ti\u00e9, professeur native du Japon (voir \u00ab&nbsp;Qui sommes-nous?&nbsp;\u00bb) Tarif&nbsp;:90 \u20ac par trimestre +"}

Si le Japon m&#039;était conté

Notre rentrée septembre 2025 - Si le Japon m&#039;était conté

<blockquote class="wp-embedded-content" data-secret="ImFcZaqnLi"><a href="https://silejapon-m-etaitconte.com/index.php/2025/09/13/notre-rentree-septembre-2025/">Notre rentrée septembre 2025</a></blockquote><iframe sandbox="allow-scripts" security="restricted" src="https://silejapon-m-etaitconte.com/index.php/2025/09/13/notre-rentree-septembre-2025/embed/#?secret=ImFcZaqnLi" width="600" height="338" title="« Notre rentrée septembre 2025 » &#8212; Si le Japon m&#039;était conté" data-secret="ImFcZaqnLi" frameborder="0" marginwidth="0" marginheight="0" scrolling="no" class="wp-embedded-content"></iframe><script type="text/javascript">
/* <![CDATA[ */
/*! This file is auto-generated */
!function(d,l){"use strict";l.querySelector&&d.addEventListener&&"undefined"!=typeof URL&&(d.wp=d.wp||{},d.wp.receiveEmbedMessage||(d.wp.receiveEmbedMessage=function(e){var t=e.data;if((t||t.secret||t.message||t.value)&&!/[^a-zA-Z0-9]/.test(t.secret)){for(var s,r,n,a=l.querySelectorAll('iframe[data-secret="'+t.secret+'"]'),o=l.querySelectorAll('blockquote[data-secret="'+t.secret+'"]'),c=new RegExp("^https?:$","i"),i=0;i<o.length;i++)o[i].style.display="none";for(i=0;i<a.length;i++)s=a[i],e.source===s.contentWindow&&(s.removeAttribute("style"),"height"===t.message?(1e3<(r=parseInt(t.value,10))?r=1e3:~~r<200&&(r=200),s.height=r):"link"===t.message&&(r=new URL(s.getAttribute("src")),n=new URL(t.value),c.test(n.protocol))&&n.host===r.host&&l.activeElement===s&&(d.top.location.href=t.value))}},d.addEventListener("message",d.wp.receiveEmbedMessage,!1),l.addEventListener("DOMContentLoaded",function(){for(var e,t,s=l.querySelectorAll("iframe.wp-embedded-content"),r=0;r<s.length;r++)(t=(e=s[r]).getAttribute("data-secret"))||(t=Math.random().toString(36).substring(2,12),e.src+="#?secret="+t,e.setAttribute("data-secret",t)),e.contentWindow.postMessage({message:"ready",secret:t},"*")},!1)))}(window,document);
/* ]]> */
</script>

Ateliers manga de Yugi, « Viens dessiner et créer des pages manga ! », une fois par mois (tous les premiers mercredis d’octobre à mai), 16h-18hA partir de 10 ansTarif&nbsp;:60 € + frais d’adhésion annuelle55 € pour les moins de 18 ans + frais d’adhésion annuelle ***Il y aura aussi d&rsquo;autres ateliers manga de Yugi et de Samuel (voir «&nbsp;Qui sommes-nous?&nbsp;») pendant les vacances scolaires Cours de japonais :Mercredis après-midi, à la salle Pessebre à PradesNombre de personnes dans chaque groupe&nbsp;: 4-7 personnesCours accessibles à partir de 11 ansAvec Tié, professeur native du Japon (voir «&nbsp;Qui sommes-nous?&nbsp;») Tarif&nbsp;:90 € par trimestre +
